 r(d) = d**2 - 11*d + 50. Calculate r(9).
32
Let d(f) = -f - 13. Determine d(-7).
-6
Let k(m) = m + 10. What is k(12)?
22
Let p(q) = q**2 + 11*q - 9. What is p(-10)?
-19
Let s(f) = f**3 - 6*f**2 - 30*f + 117. Give s(8).
5
Let i(u) = -u**3 + 7*u**2 - 4*u + 2. Give i(4).
34
Let s(g) = -g**3 - 19*g**2 + 24*g + 30. Give s(-20).
-50
Let u(x) = 4*x - 98. Give u(19).
-22
Let j(f) = -2*f**3 - 15*f**2 - 17*f + 12. Determine j(-6).
6
Let a(v) = -10*v + 89. Give a(6).
29
Let w(h) = -7*h**2 - 10*h - 9. Calculate w(-1).
-6
Let s(d) = d**2 + 8*d - 5. Calculate s(-11).
28
Let x(t) = 7*t**2 + 39*t - 7. Give x(-7).
63
Let f(r) = -4*r**2 - 1. Calculate f(2).
-17
Let q(f) = -f**2 - 17*f - 74. Give q(-7).
-4
Let s(o) = -o**2 + 8*o - 13. Give s(6).
-1
Let q(g) = 3*g + 43. Calculate q(-15).
-2
Let z(w) = -w**2 - 19*w + 67. Calculate z(-22).
1
Let w(t) = -2*t**2 - 9*t - 10. Determine w(-5).
-15
Let u(h) = 41*h + 328. Calculate u(-8).
0
Let c(l) = 26*l + 2. Give c(-2).
-50
Let p(g) = g**3 + 6*g**2 - 13*g + 5. What is p(-8)?
-19
Let t(d) = -8*d - 49. Give t(-8).
15
Let f(u) = -u**3 - 5*u**2 - 5*u + 3. Give f(-5).
28
Let b(p) = 2*p**2 - 6*p - 21. Calculate b(9).
87
Let c(g) = -2*g + 54. What is c(24)?
6
Let q(v) = -4*v - 30. Determine q(-12).
18
Let q(o) = 4*o - 37. Give q(10).
3
Let i(n) = 2*n - 6. Give i(-6).
-18
Let j(i) = 5*i + 3. Determine j(-9).
-42
Let m(u) = -u**3 - 2*u**2 + 12*u + 12. Determine m(-4).
-4
Let u(c) = 6*c + 70. What is u(-12)?
-2
Let n(p) = 9*p - 2. What is n(-1)?
-11
Let d(o) = o**3 - 5*o**2 + 6*o - 2. Calculate d(4).
6
Let w(a) = a**2 - 13*a - 3. Calculate w(11).
-25
Let r(q) = 4*q**2 - 8*q - 2. Determine r(-2).
30
Let x(o) = 4*o + 3. Calculate x(0).
3
Let x(u) = u**3 + 7*u**2 + 29*u + 48. What is x(-3)?
-3
Let k(g) = 5*g**3 - g**2 - 2*g. Give k(-1).
-4
Let r(n) = 7*n - 20. What is r(5)?
15
Let i(v) = -v**3 - 31*v**2 - 28*v + 43. Determine i(-30).
-17
Let l(i) = -i**3 - 15*i**2 + 14*i - 39. What is l(-16)?
-7
Let u(b) = b - 5. Give u(-10).
-15
Let d(w) = 18*w + 1. What is d(-1)?
-17
Let l(j) = 2*j**3 + 20*j**2 + 21*j + 3. Calculate l(-9).
-24
Let v(i) = -i**3 - 5*i**2 + 3*i - 6. What is v(-6)?
12
Let f(u) = -2*u - 12. Determine f(1).
-14
Let h(s) = s**2 + 14*s + 35. Give h(-11).
2
Let x(t) = -55*t - 100. Determine x(-2).
10
Let r(s) = -s**3 - 2*s**2 + 7. Give r(-3).
16
Let n(k) = 3*k**3 + 2*k. Determine n(2).
28
Let l(n) = n**3 + n**2 - 2*n + 14. What is l(-4)?
-26
Let u(r) = r**3 + 6*r**2 - 20*r - 11. Calculate u(-8).
21
Let r(i) = -2*i**2 + 103*i - 59. Give r(51).
-8
Let o(d) = -20*d**2 - 2*d + 2. Calculate o(2).
-82
Let i(x) = -3*x**2 + 3*x - 10. Give i(-5).
-100
Let y(n) = n - 30. What is y(22)?
-8
Let o(f) = f**3 - 6*f**2 - 6*f - 8. Calculate o(7).
-1
Let s(f) = 21*f + 83. Give s(-4).
-1
Let m(t) = -4*t**2 - 19*t + 92. Give m(5).
-103
Let f(o) = o**3 + 17*o - 30. What is f(2)?
12
Let a(i) = -3*i**2 - 32*i - 11. Calculate a(-10).
9
Let n(d) = d**3 - 3*d**2 - 13*d + 20. What is n(5)?
5
Let l(d) = d**2 - 25*d - 261. What is l(-8)?
3
Let i(w) = -w**2 - 7*w + 91. Determine i(6).
13
Let s(h) = -2*h + 44. Give s(19).
6
Let a(z) = 14*z + 47. What is a(-5)?
-23
Let n(h) = 6*h + 148. Determine n(-24).
4
Let m(z) = -3*z**2 - 15*z - 8. Determine m(-5).
-8
Let m(d) = 10*d + 6. Determine m(-6).
-54
Let j(q) = q**3 - 6*q**2 - 2*q + 7. Determine j(7).
42
Let i(k) = -k**2 + 13*k + 21. Calculate i(15).
-9
Let w(i) = 4*i**2 + 26*i + 19. Give w(-7).
33
Let c(x) = -5*x**3 + 2*x**2 - x - 1. Give c(3).
-121
Let j(m) = -11*m + 77. What is j(7)?
0
Let f(q) = 3*q**2 + 2*q - 2. Calculate f(4).
54
Let g(p) = p**3 + 5*p**2 + 8*p + 12. Give g(-4).
-4
Let m(y) = y**2 - 14*y + 39. What is m(9)?
-6
Let x(v) = -3*v**2 - 4*v + 7. What is x(-5)?
-48
Let d(o) = o**3 + 21*o**2 + 21*o + 34. Determine d(-20).
14
Let s(q) = -8*q**2 - 9*q + 7. Determine s(-2).
-7
Let m(h) = -h**2 - 2*h + 58. What is m(-9)?
-5
Let s(l) = l**3 - l + 3. Calculate s(-3).
-21
Let q(d) = -d**2 - 6*d + 3. What is q(-7)?
-4
Let y(a) = -a**2 - a + 3. Give y(3).
-9
Let k(t) = 17*t + 48. Calculate k(-6).
-54
Let y(f) = f**3 + 5*f**2 - 4*f. What is y(-4)?
32
Let u(h) = h**2 + 16*h + 5. What is u(-8)?
-59
Let t(u) = 2*u**2 - 12*u + 8. Determine t(5).
-2
Let g(y) = -27*y - 242. Determine g(-9).
1
Let k(m) = m**3 + 7*m**2 + 2*m - 10. Determine k(-7).
-24
Let t(g) = -5*g - 68. Determine t(-15).
7
Let a(d) = -11*d + 4. Give a(-3).
37
Let a(l) = -l**3 + 7*l**2 - 3*l - 7. What is a(7)?
-28
Let b(i) = i**2 + 16*i - 6. Give b(-15).
-21
Let n(t) = 20*t - 129. Calculate n(7).
11
Let x(g) = 2*g - 74. Determine x(39).
4
Let a(k) = -3*k**2 - 2*k - 4. Give a(-2).
-12
Let v(b) = -b**3 - 15*b**2 + 11*b + 188. Calculate v(-15).
23
Let y(r) = r**3 - 18*r**2 - 114*r - 23. What is y(23)?
0
Let a(m) = 13*m - 216. Give a(17).
5
Let n(m) = m**3 + 8*m**2 + 2*m - 10. Calculate n(-7).
25
Let w(p) = p**3 - 7*p**2 + 7*p + 1. What is w(6)?
7
Let k(o) = o**2 + 18*o - 47. What is k(-20)?
-7
Let v(r) = -r**2 - 4*r + 2. What is v(1)?
-3
Let l(f) = -f**2 + 8*f - 2. What is l(6)?
10
Let z(w) = 219*w + 1966. What is z(-9)?
-5
Let c(n) = -9*n + 7. Give c(5).
-38
Let v(u) = -u**3 + 9*u**2 + u - 11. Determine v(9).
-2
Let q(i) = -2*i - 28. Determine q(-19).
10
Let v(b) = -7*b - 24. What is v(-11)?
53
Let i(d) = d**3 - 8*d**2 + 7*d - 11. What is i(7)?
-11
Let l(k) = k**3 - 15*k**2 + 12*k + 8. Calculate l(14).
-20
Let q(y) = -y**3 - 10*y**2 - 12*y + 1. Give q(-8).
-31
Let m(x) = x**3 + x**2 + 5*x + 4. Determine m(-3).
-29
Let g(q) = q + 8. Give g(2).
10
Let h(r) = r**3 - 4*r**2 - 3*r + 3. Determine h(5).
13
Let l(z) = z**3 + 17*z**2 + 12*z - 61. What is l(-16)?
3
Let a(d) = -2*d**3 + 26*d**2 - 28*d + 40. Calculate a(12).
-8
Let f(l) = -7*l**2 + l - 2. Give f(1).
-8
Let l(w) = -w**3 + 11*w**2 - 22*w + 30. Calculate l(9).
-6
Let n(k) = -k**3 + 7*k**2 - 6*k + 6. Calculate n(5).
26
Let v(j) = -14*j - 333. Determine v(-24).
3
Let n(j) = -j**2 - 28*j - 65. What is n(-26)?
-13
Let z(c) = -18*c - 10. What is z(-2)?
26
Let x(o) = 6*o - 24. Determine x(6).
12
Let s(p) = -p**2 + 20*p + 65. Give s(-5).
-60
Let w(l) = l**3 - 11*l**2 + 11*l - 2. What is w(10)?
8
Let t(f) = -f**3 - 15*f**2 - 14*f - 12. Determine t(-14).
-12
Let m(b) = -2*b**3 - 15*b**2 + 9*b. Give m(-8).
-8
Let x(i) = i - 5. Calculate x(-16).
-21
Let o(t) = -2*t**2 + 2*t + 23. Calculate o(0).
23
Let x(v) = -v**3 - 14*v**2 + 13*v + 3. Determine x(-15).
33
Let f(j) = 2*j + 18. Calculate f(-13).
-8
Let a(c) = -5*c**3 - 2*c**2 - 9*c + 10. Calculate a(1).
-6
Let l(s) = -9*s - 98. Calculate l(-12).
10
Let n(f) = -2*f**2 - 24*f + 16. What is n(-13)?
-10
Let c(i) = i**2 + 2*i + 3. Calculate c(-5).
18
Let y(f) = -9*f**2 + 2*f. Calculate y(2).
-32
Let g(u) = -u**2 - 2*u - 12. Give g(0).
-12
Let u(z) = z + 8. Give u(-3).
5
Let x(m) = 3*m + 18. Give x(-4).
6
Let m(h) = 27*h. Determine m(1).
27
Let c(d) = d + 2. Determine c(-10).
-8
Let l(v) = v**3 + 2*v**2 - 3*v - 5. Calculate l(-4).
-25
Let j(w) = w - 12. Calculate j(18).
6
Let o(f) = -f**2 + 5*f + 1. Calculate o(6).
-5
Let g(w) = 2*w - 24. Calculate g(6).
-12
Let z(l) = l**2 - 12*l - 14. Give z(13).
-1
Let x(r) = r**3 - 6*r**2 + 2*r + 1. Calculate x(6).
13
Let h(s) = -s**2 + 32*s - 106. Calculate h(28).
6
Let f(g) = g**2 + 9*g + 16. Calculate f(-6).
-2
Let s(c) = -c + 12. What is s(26)?
-14
Let c(f) = 2*f - 3. What is c(4)?
5
Let r(a) = 13*a - 28. Determine r(5).
37
Let x(d) = 19*d**3 - 2*d + 1. Calculate x(1).
18
Let w(l) = l**2 + 19*l + 42. Calculate w(-17).
8
Let q(r) = r**3 + 19*r**2 + 16*r - 23. Give q(-18).
13
Let w(m) = -2*m**3 + 10*m**2 + 4*m - 10. What is w(5)?
10
Let z(y) = -3*y + 12. Calculate z(11).
-21
Let n(p) = p**2 - 8*p - 1. Calculate n(8).
-1
Let j(y) = -18*y - 411. Give j(-23).
3
Let f(m) = -m**3 - 10*m**2 - 19*m + 9. Calculate f(-7).
-5
Let a(k) = k**3 - 8*k**2 - 6*k + 14. Give a(7).
-77
Let h(p) = 31*p**3 + p**2 - p - 1. What is h(-1)?
-30
Let g(u) = -u**2 - 13*u + 19. Calculate g(-14).
5
Let y(p) = 2*p**2 + 3*p + 1. Determine y(-2).
3
Let j(u) = u**2 + 2*u - 1. Determine j(-5).
14
Let p(v) = 7*v**3 + 2*v**2 - v. Determine p(1).
8
Let o(u) = u**2 - 7*u + 6. Calculate o(5).
-4
Let a(t) = -t**2 - 6*t. Determine a(-5).
5
Let s(q) = -q**2 - 11*q - 2. Determine s(-10).
8
Let t(j) = -j**2 - 17*j - 53. What is t(-13)?
-1
Let q(g) = -18*g**